False
Let d(i) = 29021*i**2 - 77*i - 1. Is d(3) composite?
True
Let g = -56438 + 29346. Is (-2)/2*(g - -51) prime?
False
Suppose -19*y - 16420 = -23*y - 4*h, 3*y = 2*h + 12305. Is y a composite number?
True
Let x = 1626 - 2552. Is 2 - (3 + -1) - (x + -15) composite?
False
Is ((-532)/798)/((-4)/697974) a composite number?
False
Let d(k) = 83*k - 4. Let x = -109 - -110. Let i be 3*6/9*x/2. Is d(i) composite?
False
Let o(k) = 1 + 66*k**2 + 193*k**2 + 166*k**2 - k - 9*k. Is o(4) a prime number?
True
Suppose 0 = 2*m + 30*s - 25*s - 72881, -145729 = -4*m + s. Is m composite?
False
Let w be 2/7 - ((-1355280)/(-105))/(-16). Let r = w - -3284. Is r a prime number?
True
Let f(j) = 17*j**2 - 17*j + 4. Let q(w) = 8*w**2 - 8*w + 2. Let d(c) = -4*f(c) + 9*q(c). Let t be d(2). Suppose -6389 = -t*g - 819. Is g prime?
True
Is -4 + -9 + 475242 + 14 prime?
True
Let n = 287 + -275. Is (809 + 4)/((-42)/n - -5) a prime number?
False
Suppose 0 = -73*r + 75*r - 8448. Suppose m + 3*n + 3171 = 4*m, -4*m = -2*n - r. Is m a composite number?
True
Is (-14626933)/(-45) - -3*28/1890 a composite number?
False
Is ((-297)/1452 - (-3)/(-66))*(-1 - 1964155) a prime number?
True
Let b(g) = 39*g - 37. Let k be -26 + 23 - 2*3. Let a be b(k). Is (0 + -1)/(2720/a + 7) a composite number?
False
Let o be (48/15 - 4)/(2/(-90)). Suppose 0 = o*n - 41*n + 82000. Let w = n + -9357. Is w prime?
True
Suppose 5*n + 1234 + 1496 = 0. Let d be (-1 + 34)/((-3)/(-123)). Let m = n + d. Is m prime?
False
Suppose 9*q = 7*q - 3*m - 9, q - 2*m = 6. Suppose q = 2*f + 8, 3*k + 10*f - 17349 = 13*f. Is k a prime number?
True
Let f = -48 - -51. Let b(h) = 14*h - 7*h - 2*h - 12*h**2 - 22 + 7*h**2 + h**f. Is b(9) prime?
True
Suppose 6888 = 3*j + j + 4*n, -3*j = -n - 5166. Suppose j = 3*l - 15897. Is l prime?
False
Let i(n) = -7*n**2 - 133*n - 84. Let p(m) = -3*m**2 - 67*m - 43. Let s(x) = 2*i(x) - 5*p(x). Is s(32) a prime number?
False
Let q = 427949 + -29016. Is q composite?
False
Let n = 279 + -161. Let x = 118 - n. Suppose 5*y + l = 6*l + 17755, x = 4*y - 5*l - 14204. Is y a composite number?
True
Let m = 556 - 519. Suppose j = m*j - 248652. Is j a composite number?
False
Let o(n) = 42699*n**3 + 55*n**2 - 150*n - 7. Is o(3) a composite number?
True
Suppose 23*s = -0*s + 5*s + 1128186. Is s composite?
True
Suppose 0 = 2*a - 3*n - 101, 5*a + 2*n - 263 = -n. Is 5516 + 1/(-4) + a/16 a composite number?
False
Let x = 422 - 419. Suppose 7*w - x*w = z - 553, 538 = z + w. Is z composite?
False
Let f(o) = 4*o - 1. Let p be f(4). Let y(g) = 64*g**2 + 8*g + 30. Let z be y(p). Suppose 6447 + z = 9*h. Is h composite?
False
Let i(v) be the second derivative of 400*v**4 + v**3/6 - v**2 - 8*v - 1. Is i(1) a composite number?
False
Suppose 26412333 + 105998398 = 181*m. Is m prime?
False
Let r(j) = -5*j + 25. Let b be r(5). Suppose 2*i + 684 = 4*o - 382, b = -2*o - i + 543. Let x = -190 + o. Is x composite?
False
Suppose 4*r - 7*q + 3*q + 72 = 0, 5*q + 14 = -3*r. Let d(s) be the third derivative of -s**5/60 - 23*s**4/24 + 3*s**3/2 + 94*s**2. Is d(r) a prime number?
True
Suppose 22 = -5*n - 38. Let k = n + 79. Suppose -k = -w + 870. Is w a prime number?
True
Let s(q) = -q**3 - 10*q**2 + 34*q + 18. Let y be ((-70)/3)/(2/6). Let b = 55 + y. Is s(b) composite?
True
Let w(r) = 4*r**3 - 4*r**2 + r + 4. Suppose x - 18 = -3. Let t = -12 + x. Is w(t) a composite number?
False
Suppose 4*p = 4*o + 9*p - 268664, 3*o = 3*p + 201525. Is o a prime number?
False
Is -9 + 2713298/21 - (-4)/3 prime?
True
Let c = -1147 - -28914. Is c a prime number?
True
Let z(t) = 3*t - 2. Let w be z(4). Let m be 2451/2 + (-80)/(-32). Suppose 0 = -w*k + 8*k + m. Is k a composite number?
True
Let f = 1613823 + -478432. Is f a prime number?
False
Let a(f) = 1403*f**2 - 48*f + 32. Is a(17) a prime number?
False
Let k(g) = 351*g**2 - 8*g + 35. Let n be k(5). Suppose -n = 10*t - 20*t. Is t a composite number?
False
Suppose 4*t + 5*i + 443 = -369, 5*t - 3*i + 1015 = 0. Let f = t - -426. Is f composite?
False
Suppose -28*h = -40*h + 24. Suppose 4*x - 3*f = 11461, -h*x + f - 2007 + 7736 = 0. Is x a composite number?
True
Let c = 158452 + -98451. Is c a composite number?
True
Let m(o) = 3*o**3 - 5*o + 3 - 4*o - 4*o**3 + 3*o - 4*o**2. Let b be m(-3). Suppose j - b = -2*j, 4*r + 2*j = 5652. Is r composite?
True
Let x be ((-34)/(-3))/(-4*6/(-11916)). Suppose 0*n + n - x = 0. Is n composite?
True
Suppose 3*k + 5*a = 1673948, k + a + 96829 - 654811 = 0. Is k prime?
True
Suppose -67*j + 619033 + 1512288 = -1735852. Is j a prime number?
True
Suppose 0 = -3*y - 0 + 117. Let o(m) = -8*m + 29 - 32*m**2 - 4*m + y*m**2. Is o(12) composite?
True
Suppose -2*c + 2569 = 105. Suppose 2*o - 6*o + 5*q + c = 0, -4*o + 3*q = -1232. Suppose -o = -p + 155. Is p composite?
False
Let t = 2084 - 1126. Let k be ((0 + -1026)/(-2))/1. Let f = t - k. Is f a composite number?
True
Suppose -3*a = 4*d + 21478, 5*a - d + 16215 = -19551. Let k = a + 15791. Is k a prime number?
False
Suppose 2*f + 2*t - 5220 = 0, 0 = -f - 3*t + 1478 + 1134. Is f a prime number?
True
Suppose 5*x - 47127677 = -32*x. Is x composite?
False
Suppose 8*y + 1 = 5*j + 5*y, 5*y = -4*j + 23. Is ((-9726)/(-4) + -1)/(j/4) prime?
True
Let s(r) = r**2 + 11*r + 17. Let o(x) = 4*x - 11. Let a be (0/(-2) - -8) + -30 + 28. Let g be o(a). Is s(g) a composite number?
True
Suppose -1 = -18*h + 35. Suppose 4*m - f - 43570 = 0, -f - h = -4. Is m composite?
True
Suppose 2*o + 162802 = -4*a + 489668, -3*a = 2*o - 326866. Is o a composite number?
False
Let b be (-2)/(-4)*1*-9942. Is 24/16*b*(-2)/9 prime?
True
Suppose -3*o = 4*y - 0*o - 23, 4*y - 2*o + 2 = 0. Suppose g + g = y*p + 186, p + 275 = 3*g. Is g a composite number?
True
Suppose -5*y + 3075681 = -4*z, -1845412 = 42*y - 45*y - z. Is y composite?
False
Let q be (36/(-16)*2)/((-2)/(-948)). Let c be ((-8)/(-6))/(2/4533). Let m = q + c. Is m a prime number?
False
Suppose 0 = u + 5*w + 258, -1077 = 4*u + 4*w + w. Let m = u - -400. Is m a composite number?
False
Suppose -m + 6 = g - 3*g, 4*m = -g + 24. Is -4 - ((-20)/30)/(m/11493) a prime number?
False
Is -4*(-558459)/36*(-2 + 3) a prime number?
False
Let w = -15 + 18. Suppose 4*h + 143 = w*z + 5*h, 0 = -4*h + 8. Suppose -271 = -5*n - t, 0*n - z = -n - 2*t. Is n prime?
False
Let k(c) = -c**3 - 8*c**2 + 20*c + 12. Let a be k(-10). Suppose -4*r - a = 0, r = -2*v - 3*v + 3817. Is -3*v/(-4)*3/9 a prime number?
True
Suppose 0 = 15*v + 2*v - 2*b - 1793386, 5*v - 4*b = 527446. Is v a composite number?
True
Let b(r) = -90569*r**3 - 5*r - 6. Let h be b(-1). Is ((-145)/35 - -4) + h/14 a composite number?
False
Suppose -8*s + 563718 = 206054. Suppose 18*v - 22*v = -s. Is v prime?
True
Let h = -78 + -81. Let c = h + 437. Let n = 973 - c. Is n composite?
True
Suppose 0 = 5*a - 8*a. Suppose 4*d + 16 = a, -d = 2*s + 4*d - 6974. Is s composite?
True
Let n = 192933 - -74462. Is n prime?
False
Suppose -335*h + 75515785 + 198093120 = 0. Is h a composite number?
False
Is (6/93 - (-726)/(-682))*-97771 a composite number?
False
Let d be (-10 - -3)*12/14. Is (7 + 12970/30)/((-4)/d) a prime number?
True
Let f(v) = 3439*v**2 - 2*v - 10. Let m be 39/65 + (-72)/20. Is f(m) composite?
True
Let j = -12 - -4. Let l(w) = -36 - 70*w + 126 - 134*w - 67. Is l(j) a composite number?
True
Is (-30 + 10273)*(1 + 0 + 0) a prime number?
True
Let d be (-1433)/(-2)*22/55*10. Let y = 625 + d. Is y prime?
True
Suppose -4*w + 4*n = -56, 0 = -2*w + 3*w - 5*n - 34. Let l(m) = m - 30. Let z be l(w). Let j = z - -78. Is j composite?
True
Let t = 191466 - 115259. Is t a prime number?
True
Suppose -3*c - 561 + 37875 = -x, x + 24877 = 2*c. Is c a composite number?
False
Let n(s) = 9*s**3 + 7*s**2 - 13*s + 8. Let t be n(2). Suppose 0 = -t*j + 80*j + 3418. Is j composite?
False
Let t be (16 + -14)/((-2)/(-194)). Let v(u) = -134*u - 89. Let i be v(-6). Let f = i - t. Is f a composite number?
False
Suppose 2*w = 16 + 6. Let p be (1 - 0)/(w/2365). Suppose 843 = 4*t + p. Is t composite?
False
Suppose 4*y - 3147713 = -3*m, 19*m + 8*y - 19935538 = 5*y. Is m composite?
False
Suppose -6*z + 165891 = -221151. Is z a composite number?
True
Let z(s) = -1715*s + 2. Let r be z(3). Suppose -17*o - 14701 = 43235. Let h = o - r. Is h a composite number?
True
Let s(n) = -3*n**3 - 99*n**2 - 219*n - 249. Is s(-96